45 = 2*h, -5*h - 120 = 5*x. What is the thousands digit of 0/(h/(-3)) - -1400?
1
Let f be 1050/125 - (-2)/(-5). Suppose f*g + 540 - 2052 = 0. What is the tens digit of g?
8
What is the ten thousands digit of (-2 - 1) + (17056 - (-1 - -12))?
1
Let f(g) = -g**3 + 13*g**2 - 16*g + 42. Let r be f(12). What is the hundreds digit of 4/(2/r - (-21573)/63747)?
7
Suppose -2*z = -5*h - 5 - 0, h = 3*z - 14. Suppose q = 1, 2*o + 3*o + z*q - 10 = 0. What is the units digit of (10 - -2)/(o/((-28)/(-3)))?
2
Suppose 3*o = 4*x - 79, -20*o + 21*o + 41 = 5*x. What is the thousands digit of 32 + 1478 + o/3?
1
What is the thousands digit of 3/((-48)/(-571456)) + -21?
5
Suppose u + 7 = 11. Let m(o) = 2*o**2 - 1 - u*o + 16*o - 7 + 0*o**2. What is the tens digit of m(-8)?
2
Suppose 15*t - 8021816 = -101*t - 5*t. What is the thousands digit of t?
6
Suppose -2*n + 108 = 7*n. Suppose n*d = -13*d + 1675. What is the units digit of d?
7
Let o(n) = 634*n**2 + 27*n - 1. Let q be o(-2). Let k = q - 1723. What is the tens digit of k?
5
Let g(u) = -u**3 + 6*u**2 - 8*u - 1. Let w be g(4). Let j(l) = -6*l - 2. Let c be j(w). Suppose -i + c*i = 75. What is the tens digit of i?
2
Suppose 6*i + 138 = -174. Let g = -50 - i. Let o(f) = -f + 3. What is the units digit of o(g)?
1
Suppose -5*y - 4*z + 2675 = 0, 4*y + 3*z = 2*z + 2151. Suppose l + 644 = 4*w, -4*w + y = -5*l - 105. What is the units digit of w?
1
Let t be 38/6 + -6*13/234. Let r(h) = 7*h**3 + 2*h**2 + 3*h + 1. What is the units digit of r(t)?
3
Let h(w) be the first derivative of -w**3/3 + 7*w**2 + 17*w - 4. Let d be h(15). What is the hundreds digit of 1 + d/(-4) - (-868)/8?
1
Suppose 0 = -17*n + 12*n + 65. Suppose -n*a = -10950 - 698. What is the units digit of a?
6
Suppose 0 = -11*i + 89212 + 2902. What is the thousands digit of i?
8
Suppose 0 = -3*r - 4*f + 161665, 2024*f + 215540 = 4*r + 2016*f. What is the tens digit of r?
8
Let d be (-9)/((-495)/10) - 1228/(-22). Let c = d - 57. What is the tens digit of c/(1/(-61)) - 42/14?
5
Let t(h) = 50*h**3 + 10*h**2 + 31*h - 122. What is the hundreds digit of t(6)?
2
Let i = -905 - -3113. Let w = i + -1533. What is the hundreds digit of w?
6
Let k(j) = -j**2 - 3*j - 10. Suppose 2*q = 4*l + 14, -2*l + 9 = -5*l + 3*q. Let h be k(l). Let i = 190 - h. What is the tens digit of i?
0
Suppose w - 395 = p, -w + 2*p + 360 + 40 = 0. Let u be (56/14)/(2 - 1). Suppose w = z + u*z - 2*y, -y = -z + 75. What is the units digit of z?
0
Let h(s) = s**3 - 10*s**2 - 28*s + 11. Let f = -120 + 133. What is the tens digit of h(f)?
5
Let c = 11355 - 3118. What is the units digit of c?
7
Let m(b) = -6*b**3 + 28*b**2 - 5*b - 15. Let v be m(6). What is the hundreds digit of (-439634)/v - (48/(-27) - -2)?
3
Let v(n) = -n**3 + n**2 - n - 1. Let x(t) = 4*t**3 + t**2 + 5*t + 1. Let g(i) = -5*v(i) - x(i). Let q be -40 + 42 - (0 + -4). What is the units digit of g(q)?
4
Suppose 0 = 16*s - 3524 + 228. Suppose 609 - s = y. What is the tens digit of y?
0
Suppose -13*b - 125 = 12*b. What is the hundreds digit of b*(-6 + 741/(-15))?
2
Let l = 3409 - 1165. What is the units digit of l?
4
Suppose 0 = 34*f + 153*f - 32*f. Suppose 4*d - 68 = -4*m, -3*d = 5*m - 6 - 37. Suppose f = -d*b + 3877 + 1583. What is the tens digit of b?
6
What is the hundreds digit of 1321 - (48/18)/((-4)/6)?
3
Let f = 11 - -8. Let n be 4/(24/18) + 17. Suppose f*s + 78 = n*s. What is the tens digit of s?
7
Let i = -16 + 21. Let y be 25/3 - i/15. Suppose -6*j + 32 = -3*j + 5*x, -5*x + y = -3*j. What is the units digit of j?
4
Suppose 14*b = 33 - 5. Suppose 406 = l + 6*n - 4*n, 0 = -2*l - b*n + 818. What is the units digit of l?
2
Let o = -225 - -230. Suppose -4*d + 3*y = -4533, -35*d + 37*d - 2277 = o*y. What is the thousands digit of d?
1
Let b(z) = z**3 + 101*z**2 + 104*z + 89. What is the thousands digit of b(-97)?
7
Let q(z) = -z**2 + 30*z + 261. Suppose 3*b = 12*b. What is the tens digit of q(b)?
6
Let o = 98 + -91. Let y(n) = n**3 - 4*n**2. Let w be y(4). Suppose w = o*r - 2*r - 220. What is the units digit of r?
4
Let u = 3216 + 2316. What is the hundreds digit of u?
5
Let i(m) be the third derivative of m**5/60 + 5*m**4/24 - 10*m**3/3 + 105*m**2. What is the tens digit of i(-18)?
1
Let p = 309 - 153. Let j = p + -80. What is the units digit of j?
6
What is the units digit of (-439 + (-5 - -12))*-20?
0
Let i(u) = 2*u + 3. Let y be i(-4). Let z be -19*1*(y - -6). What is the tens digit of -4 - (3 + -4) - z?
1
Suppose 612 = i + 2*k, 4*i - 4*k = -0*i + 2460. Suppose -8*d = 54 - i. Let v = d - 24. What is the units digit of v?
6
Let c be (-73762)/(-39)*9/6. Let d = -1434 + c. What is the tens digit of d?
0
Let b = 421 - 296. Suppose -1285 + b = -5*l. Suppose 5*f + l = 3*w, -2*f + 156 = 2*w - 5*f. What is the tens digit of w?
8
Suppose r - 20505 = -2*f, 13*f - r = 16*f - 30755. What is the units digit of f?
0
Let b = -16098 - -6492. What is the tens digit of (-3)/(-45)*6 + b/(-10)?
6
What is the hundreds digit of (832 - (-4)/(-2))/(9 - 80/9)?
4
Suppose -4*u - 433 = 2*h - 2813, -3*h + u + 3605 = 0. Suppose -4*d = 5*m - 1 - 14, -5*m + d = -15. Suppose -m*y - 5*y = -h. What is the units digit of y?
0
Suppose 4*w = 29*x - 26*x - 158384, 0 = -2*x + 5*w + 105587. What is the units digit of x?
6
Let k(c) = -66*c**2 - 62*c + 12. Let a(t) = 13*t**2 + 12*t - 2. Let i(r) = 16*a(r) + 3*k(r). Suppose -5*l - 41 = -16. What is the units digit of i(l)?
4
Suppose 7*l - 117 = -3*g + 4*l, -2*g + 82 = 4*l. Let b = -35 + g. Suppose -4*a + 269 = -a - k, 5*k + 188 = b*a. What is the tens digit of a?
8
Let z(s) = 126*s**2 + 285*s + 13. What is the tens digit of z(-8)?
9
Let y be (-3)/(-2)*7*(-14)/(-49). Suppose -v - 1066 = -y*v. What is the units digit of v?
3
Suppose 7*y = 14*y - 91. Suppose 5*s + y + 22 = 0. What is the tens digit of 1*(1 - -100 - (8 + s))?
0
Let l(f) = 2*f - 29. Let p be l(7). Let w(s) = -7*s**2 + 4*s**2 + 4*s**2 + 1 + 13*s. What is the tens digit of w(p)?
3
Let g(t) = 11*t - 7. Let k be g(7). Let f(a) = -27*a + 158. Let w be f(6). What is the units digit of 10/w*(-924)/k?
3
Let r be 4/1*(-142)/(-4). Let u be (-92)/(-15) + 8/300*-5. Suppose u*m - r = 80. What is the tens digit of m?
3
Suppose 3*g = 3*o - 11241, 2*o - 3*g + 0*g - 7492 = 0. What is the units digit of o?
9
Let w be 448/24*(-9)/6. Let t = -23 - w. Let h = t + 11. What is the units digit of h?
6
Suppose 21*o - 151199 = o + 33541. What is the tens digit of o?
3
Let k = 8 - 0. Let r(l) = 42*l - 11*l + 2 - 9 - k. What is the units digit of r(5)?
0
Let n(b) be the third derivative of -b**6/120 + b**5/10 + 5*b**4/24 - 11*b**3/6 - 26*b**2 + 2*b. Let a be (-6)/(-9)*(-15)/(-2). What is the units digit of n(a)?
9
Suppose -3*q - 2*o + 8 = -9, 0 = -3*o + 3. Let v(z) be the second derivative of -z**5/20 + 2*z**4/3 + 4*z**2 - 194*z + 2. What is the units digit of v(q)?
3
Let o = 435 - 440. What is the tens digit of (-2)/o + 32373/55?
8
Let m be (-174)/(-45) + 30/225. Suppose -6*s + s = 3*x - 40, -5*s = 2*x - 35. Suppose d + m*n = 39, -d + 3*n + 16 = s. What is the units digit of d?
3
Suppose 2*p + 3*w = -p - 9, 25 = -5*w. Suppose 2 = 8*c + p. Suppose -h + 62 + 0 = c. What is the tens digit of h?
6
Let g(y) = -63*y + 23. Let w be g(-8). Let j = w - -176. What is the units digit of j?
3
Suppose 3*u = 4*p + 12, -4*p - 4*u = -0 - 16. Let a(n) = n**2 - 13. Let t be a(4). Suppose p = 4*k + 20, -t*x = k - 72 - 115. What is the tens digit of x?
6
Let p(q) = 10*q**2 - q**3 + 7*q + 2*q + 14 - 12*q**2. What is the units digit of p(-6)?
4
Let p = -105 + 105. Let l be ((-6)/5 + p)*10/(-4). Suppose 0 = 3*h - 5*f - 153, l*h - 210 + 39 = -f. What is the units digit of h?
6
What is the hundreds digit of (-9 + -8 + 18)*(-4 - -4) + 71551?
5
What is the hundreds digit of 3*(-5662)/(-3) + -13?
6
Suppose 14004 = -4*g + 2*y, 3*g - 964 = 5*y - 11460. Let p = -1839 - g. What is the hundreds digit of p?
6
Suppose -14*f = -295 - 1231. Suppose -l - 4*h = -340 + 36, -l + 304 = -3*h. Let n = l - f. What is the units digit of n?
5
Let u(d) be the second derivative of -65*d**5/2 + d**4/12 - d**3/3 - 3*d**2/2 - 96*d. What is the hundreds digit of u(-1)?
6
Let n(i) = 2*i**3 + 14*i**2 + 2*i + 24. Let b be n(-7). Let m(k) = 3*k**2 - 11*k - 11. What is the tens digit of m(b)?
7
Suppose 131*m - 126*m = 35, -3*m = 3*h - 108852. 